{"id":2552,"date":"2025-01-20T21:42:21","date_gmt":"2025-01-20T21:42:21","guid":{"rendered":"https:\/\/humancare.com.co\/?post_type=product&#038;p=2552"},"modified":"2025-01-20T23:55:11","modified_gmt":"2025-01-20T23:55:11","slug":"soyl-syndet-liquido-500-ml","status":"publish","type":"product","link":"https:\/\/humancare.com.co\/index.php\/producto\/soyl-syndet-liquido-500-ml\/","title":{"rendered":"Soyl Syndet Liquido 500 ML"},"content":{"rendered":"<p><strong>Contiene EXTRACTO DE SOYA:<\/strong><br \/>\u2013 Brinda acci\u00f3n antioxidante: evita el da\u00f1o de los radicales libres.<sup>\u00a02<\/sup><br \/>\u2013 Previene la p\u00e9rdida de elasticidad de la piel.<sup>3<\/sup><br \/>\u2013 Tiene efecto humectante.\u00a0<sup>3<\/sup><br \/>\u2013 Limpia a profundidad la piel.<sup>4<\/sup><br \/>\u00a0<br \/>Soyl\u00ae Syndet posee una f\u00f3rmula \u00fanica en el mercado, dise\u00f1ada para limpiar todo tipo de piel.<br \/>Notificaci\u00f3n sanitaria: NSOC19336-06CO.<\/p>\n<p>Modo de uso<\/p>\n<p>Humedecer el cuerpo y aplicar SOYL SYNDET\u00ae\u00a0L\u00cdQUIDO, masajeando suavemente hasta producir abundante espuma.\u00a0Enjuagar con abundante agua.<\/p>\n<p>Referencias<\/p>\n<p>1-https:\/\/www.researchgate.net\/publication\/228479115_Eficiencia_antioxidante_de_extractos_fenolicos_de_soja_fermentada<br \/>2- https:\/\/www.elsevier.es\/es-revista-farmacia-profesional-3-articulo-soja-13081505<br \/>3-Wu, W., Hettiarachchy, N.S. Foaming and emulsifying properties of soy protein isolate and hydrolysates in skin and hair care products. J Surfact Deterg 1998 Apr; 1(2)<br \/>241\u2013246. https:\/\/doi.org\/10.1007\/s11743-998-0026-2<br \/>4-Nath, A; Geidare, G. et. Al. Antioxidant and Antibacterial Peptides from Soybean Milk through Enzymatic- and Membrane-Based Technologies. Bioengineering 2020, 7(1),<\/p>\n","protected":false},"excerpt":{"rendered":"<p>Presentaciones: Frasco dosificador 500 mL<br \/>\u00a0<br \/>Soyl\u00ae Syndet es un sustituto del jab\u00f3n para todo tipo de piel, que\u00a0<strong>hidrata, suaviza y mantiene\u00a0<\/strong>el pH natural de la piel.<sup>1<\/sup><\/p>\n","protected":false},"featured_media":2584,"comment_status":"open","ping_status":"closed","template":"","meta":{"site-sidebar-layout":"default","site-content-layout":"default","ast-global-header-display":"","ast-banner-title-visibility":"","ast-main-header-display":"","ast-hfb-above-header-display":"","ast-hfb-below-header-display":"","ast-hfb-mobile-header-display":"","site-post-title":"","ast-breadcrumbs-content":"","ast-featured-img":"","footer-sml-layout":"","theme-transparent-header-meta":"","adv-header-id-meta":"","stick-header-meta":"","header-above-stick-meta":"","header-main-stick-meta":"","header-below-stick-meta":""},"product_cat":[35],"product_tag":[],"jetpack_sharing_enabled":true,"_links":{"self":[{"href":"https:\/\/humancare.com.co\/index.php\/wp-json\/wp\/v2\/product\/2552"}],"collection":[{"href":"https:\/\/humancare.com.co\/index.php\/wp-json\/wp\/v2\/product"}],"about":[{"href":"https:\/\/humancare.com.co\/index.php\/wp-json\/wp\/v2\/types\/product"}],"replies":[{"embeddable":true,"href":"https:\/\/humancare.com.co\/index.php\/wp-json\/wp\/v2\/comments?post=2552"}],"wp:featuredmedia":[{"embeddable":true,"href":"https:\/\/humancare.com.co\/index.php\/wp-json\/wp\/v2\/media\/2584"}],"wp:attachment":[{"href":"https:\/\/humancare.com.co\/index.php\/wp-json\/wp\/v2\/media?parent=2552"}],"wp:term":[{"taxonomy":"product_cat","embeddable":true,"href":"https:\/\/humancare.com.co\/index.php\/wp-json\/wp\/v2\/product_cat?post=2552"},{"taxonomy":"product_tag","embeddable":true,"href":"https:\/\/humancare.com.co\/index.php\/wp-json\/wp\/v2\/product_tag?post=2552"}],"curies":[{"name":"wp","href":"https:\/\/api.w.org\/{rel}","templated":true}]}}